3 - 3*v. What is the tens digit of f(-4)?
0
Suppose 3*d - 20 = -23. What is the tens digit of (-2 - -4)*(d + 2 + 348)?
9
Let p = 21364 + -10852. What is the ten thousands digit of p?
1
Let o(z) = 19*z + 8. Let g(j) = 17*j + 9. Let q(h) = -2*g(h) + 3*o(h). What is the tens digit of q(7)?
6
Suppose 9*x - 6*x + 5*z - 153 = 0, 4*x - 3*z - 175 = 0. Let k = -3 - -75. Let h = x + k. What is the hundreds digit of h?
1
Let y(z) = 1. Let b(c) = -3*c - 5. Let g(h) = b(h) - 3*y(h). Let f be g(-4). Suppose -5*a - 384 = -f*n - 0*a, 3*n + 3*a - 261 = 0. What is the units digit of n?
1
Suppose 5*i - 157 + 117 = 0. Suppose -286 = -4*c + s, -i*s + 140 = 2*c - 7*s. What is the tens digit of c?
7
Suppose s - 5*z + 12 = 0, -z = -1 - 2. Suppose -804 = -s*o - 24. What is the hundreds digit of o?
2
Let w = -1903 - -1897. Let n(d) = -d - 14. Let p be n(0). What is the hundreds digit of (-2048)/p + 3*w/63?
1
Let i(d) = 8*d**2 + 211*d - 130. What is the thousands digit of i(-72)?
6
Suppose 4*z - 400 = 4*j - 0*z, 0 = 4*j - 3*z + 398. Let u = j - -140. Suppose -3*a = -a - u. What is the units digit of a?
1
Let a(v) = v**2 - 14*v + 14. Let z be a(14). Let l(s) = 3*s**3 - 41*s**2 + 11*s + 1. What is the units digit of l(z)?
1
Suppose -28473 = -3*y + 11*y - 166241. What is the tens digit of y?
2
Let z = -15 + 18. Suppose 10*j - 4 = 14*j, z*j = s - 1061. What is the thousands digit of s?
1
Suppose -6*h + 20 = -h. Suppose 0 = 6*j - 7*j - h. What is the tens digit of -1 + (-4 - j) - -86?
8
Let h = 57 + 204. Let a = h + 105. What is the hundreds digit of a?
3
Suppose 4*b + 12*b = 20*b. Suppose -3*p + 2 = -a + 4, b = -4*a + 2*p - 2. What is the tens digit of (-34)/(-2) + (-1)/(a/3)?
2
What is the thousands digit of ((-27)/(-12))/(0 + 7/6776)?
2
Let p(t) = -4*t - 11. Let l(j) = 7*j + 23. Let y(i) = 3*l(i) + 5*p(i). Let u be y(-11). What is the units digit of u/(-6)*(5 + -201)?
8
Let i(w) = -43*w - 10 + 30 + 9. Let j be i(-11). Suppose 11*z - 3*a - j = 6*z, a - 304 = -3*z. What is the hundreds digit of z?
1
Suppose 17*f - 4638 = 5647. Let h = 148 + f. What is the tens digit of h?
5
Let k(t) = t**3 - 24*t**2 + 210*t + 18. What is the thousands digit of k(33)?
6
Suppose 24*w - 802691 = -42*w - 23*w. What is the tens digit of w?
1
Let l(z) be the third derivative of z**6/60 - z**5/60 + 5*z**4/24 - z**3 - 21*z**2. What is the tens digit of l(3)?
5
Let m(a) = 36*a**2 + 8*a + 287. What is the units digit of m(9)?
5
Let s = 7611 - 1898. What is the hundreds digit of s?
7
Suppose -11*y = y + 5*y - 146489. What is the units digit of y?
7
Suppose 30*s - 1257113 = -18*s - 101*s. What is the thousands digit of s?
8
Let v = 70644 + -49078. What is the tens digit of v?
6
Let u(w) = -9*w + 12. Suppose 4*b + 2*p + 24 = 0, -b + 12 = -0*b - 4*p. Let s be u(b). What is the units digit of s/40 - 1*1/5?
1
Let g(y) = 3*y**2 + 16*y - 767. What is the tens digit of g(-39)?
7
Let a = -282 - -90. Let n(q) = 57*q + 6. Let v be n(5). Let s = a + v. What is the units digit of s?
9
Let r be 25410/9 + (-9)/((-81)/6). Suppose 0 = 4*u + 4*t - 2024, 5*u - r = 5*t - 304. What is the units digit of u?
5
Suppose 4*a + 2 = -5*j, -4 + 16 = -4*a. Suppose -y + j*y = o + 74, -3*o - 226 = -2*y. Let d = o - -192. What is the units digit of d?
4
Let u(f) = -2*f**3 - 19*f**2 - 18*f - 24. Let l be u(-9). Let t be 9*7 - (-1 + 3). Suppose -l*q = -t*q + 448. What is the tens digit of q?
1
Let w be 3 + (-5)/((-5)/(-3)). Suppose w = 25*j - 34*j + 3546. Let m = -259 + j. What is the hundreds digit of m?
1
Suppose -2 + 7 = 5*k, 4*q - 86834 = -2*k. Suppose -20*o + q = 16*o. What is the hundreds digit of o?
6
Suppose 2*o = -4*n + 8 - 6, 0 = n + 5*o + 13. Suppose 2*z = -23*c + 21*c + 758, -1510 = -4*c - n*z. What is the hundreds digit of c?
3
Let k(d) = 418*d**2 - 10*d. Let z be k(-5). Suppose -12*n + 480 = -z. What is the units digit of n?
5
What is the thousands digit of -41 - -35 - (-6*2577 + -1)?
5
Suppose 3*u - 3 = 0, 6*u - 3 = -2*f + 7*u. Suppose 3*h - 2287 = 28*d - 23*d, -f*d - 2299 = -3*h. What is the tens digit of h?
6
Let c = -358 - -1366. Suppose -11*d = -c - 697. Suppose -d + 87 = -j. What is the units digit of j?
8
Suppose 0 = 3*q, -5*o + q - 4 = -24. Suppose 52 = 6*i - 2*i + o*m, -i + 4*m - 12 = 0. Suppose -x - b - i = -43, 0 = b - 1. What is the tens digit of x?
3
Suppose -15833 = -3*u + 19784 + 58865. What is the thousands digit of u?
1
Let o(c) = c**3 - 26*c**2 - 26*c - 29. Let u be o(27). Let j be (-26 - -25)/(0/u + 1). What is the units digit of (-1)/(j + 8/6) - -124?
1
Let q = 58 - -58. Let y = 375 + -420. Let p = y + q. What is the tens digit of p?
7
Suppose -36*g + 4*g = 7*g - 349401. What is the thousands digit of g?
8
Let w(r) be the first derivative of 166*r**3/3 + r - 2668. Suppose 0*x + 3 = -a - 2*x, -5*x = a + 6. What is the tens digit of w(a)?
6
Suppose a - 70*u = -69*u + 9818, -39260 = -4*a + u. What is the units digit of a?
4
What is the units digit of 3 - (-42)/(-12) - (-49431)/6?
8
Let t(i) = 179*i**2 + 19*i + 32. Let d(y) = y**2 - 30*y - 33. Let q be d(31). What is the hundreds digit of t(q)?
7
Let p(u) = u**3 + 87*u**2 - 264*u + 104. What is the ten thousands digit of p(-88)?
1
Let p = 5091 - 4435. What is the units digit of p?
6
Suppose -2*z - 8*p + 20172 = -9*p, 3*z - 5*p = 30258. What is the thousands digit of z?
0
Let v = -2207 - -2212. Suppose u - 2*j = 5*u - 1354, u + j - 341 = 0. Suppose -s - 2*s - 3*g = -u, -5*g = -v*s + 610. What is the tens digit of s?
1
Suppose -51*d + 56*d = 3*n - 34295, -22861 = -2*n + 3*d. What is the units digit of n?
0
Let d be (80/25)/((-4)/(-2790)). Suppose -5*a + 846 = -3*f + 2530, 4*a = 4*f - d. What is the tens digit of f?
5
Suppose f = -5*x + 214044, 0 = -2*x - 2*f - 18078 + 103702. What is the ten thousands digit of x?
4
Let q(b) = -310 - 3*b - 315 + 629. Suppose -4*p + c = -21 + 82, 2*c - 32 = 2*p. What is the units digit of q(p)?
9
Let l(v) be the third derivative of v**6/120 + v**5/20 - v**4/3 - v**3/3 + 29*v**2. Let r be l(3). Suppose 0 = 6*d + r - 910. What is the tens digit of d?
4
Let t(d) = -3*d**3 - 2*d + 1. Let m be t(-2). Suppose m = 7*z - 6*z. Let o = 27 + z. What is the tens digit of o?
5
Suppose 0 = 2*a - 4*a, -2*w - 4*a = -4. Suppose l - w*h + 0 = -10, 0 = -3*l - h + 5. What is the tens digit of ((-2)/2 - -123) + l?
2
Suppose -v = 3*v + 8. Let n be 0 - (3 + v*(0 + 1)). What is the units digit of (24/10 + 4)*(n + 16)?
6
Let n = -234 + 291. Let t be 2/4 - (-28)/8. Suppose -t*x = -159 - n. What is the tens digit of x?
5
Let k = 357 - 203. Let v = k - 67. Let s = -35 + v. What is the tens digit of s?
5
Suppose -2*h + 6902 = 4*q - 5820, -4*h + 2*q = -25494. What is the tens digit of h?
7
Suppose -3*z + 1076 = -5*f - 156, -4*f + 4*z = 992. Let y = -76 - f. Suppose 2*x = -3*o + y, -4*x + 8*x = o - 56. What is the units digit of o?
6
Let i = -544 + 550. Suppose s + i = 3, -4*x + 5*s + 2939 = 0. What is the units digit of x?
1
Let d(f) = -5 + f**3 + 1 + 14*f**2 - 7*f**2 + 7*f**2 - 15*f. Let y be d(-15). What is the hundreds digit of (-4)/y*(141 - -3)?
1
Let b(g) = 19*g - 3. Let t be b(2). Suppose -23*y = t*y - 42978. What is the hundreds digit of y?
7
Let q be (-3)/(-6) + (-554)/4. Let g be (-7)/(21/q)*2/2. Let p = g - 30. What is the units digit of p?
6
Suppose -101438 = 479*l - 481*l - 4*k, 50725 = l + k. What is the thousands digit of l?
0
What is the units digit of 3 - (-75)/(-27) - (13 + (-123550)/90)?
0
Let a be (-6)/3 - (0 - 257). Suppose 23*n = 28*n - a. Suppose -2*k + n = -29. What is the units digit of k?
0
Suppose 6*k + 18850 = 10*k + 2*l, -l = 5. What is the thousands digit of k?
4
Suppose -29*g + g - 9*g + 128205 = 0. What is the hundreds digit of g?
4
What is the hundreds digit of (637232/40)/((-34)/(-85))?
8
Let k(b) = 394*b**3 + 27*b**2 - 10*b + 62. What is the thousands digit of k(4)?
5
Let s(f) = -1836*f + 3366. What is the hundreds digit of s(-7)?
2
Suppose 3*i + 14749 = c, -131*c + 126*c + 73680 = -2*i. What is the hundreds digit of c?
7
Suppose -6*r - 3*q + 80013 = 0, 9773 - 63090 = -4*r + 3*q. What is the units digit of r?
3
Suppose 0 = 2*w + 3*s + 24 + 27, 3*s = -w - 33. What is the hundreds digit of -3*((-15360)/w)/(-5)?
5
Let h(y) be the first derivative of 29 - 49*y - 15/2*y**2. What is the tens digit of h(-6)?
4
Suppose -2*i +